{"id":6,"date":"2021-11-29T11:57:11","date_gmt":"2021-11-29T11:57:11","guid":{"rendered":"https:\/\/casaafrouruguaya.org\/eventos\/?page_id=6"},"modified":"2021-12-29T13:08:02","modified_gmt":"2021-12-29T13:08:02","slug":"inicio","status":"publish","type":"page","link":"https:\/\/casaafrouruguaya.org\/eventos\/","title":{"rendered":"Inicio"},"content":{"rendered":"\n<div class=\"wp-block-cover alignfull\" style=\"min-height:700px;aspect-ratio:unset;\"><img loading=\"lazy\" decoding=\"async\" width=\"1050\" height=\"564\" class=\"wp-block-cover__image-background wp-image-28\" alt=\"\" src=\"https:\/\/casaafrouruguaya.org\/eventos\/wp-content\/uploads\/2021\/11\/banner3DE-DICIEMBRE-2021.jpg\" style=\"object-position:50% 64%\" data-object-fit=\"cover\" data-object-position=\"50% 64%\" srcset=\"https:\/\/casaafrouruguaya.org\/eventos\/wp-content\/uploads\/2021\/11\/banner3DE-DICIEMBRE-2021.jpg 1050w, https:\/\/casaafrouruguaya.org\/eventos\/wp-content\/uploads\/2021\/11\/banner3DE-DICIEMBRE-2021-300x161.jpg 300w, https:\/\/casaafrouruguaya.org\/eventos\/wp-content\/uploads\/2021\/11\/banner3DE-DICIEMBRE-2021-1024x550.jpg 1024w, https:\/\/casaafrouruguaya.org\/eventos\/wp-content\/uploads\/2021\/11\/banner3DE-DICIEMBRE-2021-768x413.jpg 768w\" sizes=\"auto, (max-width: 1050px) 100vw, 1050px\" \/><div class=\"wp-block-cover__inner-container is-layout-flow wp-block-cover-is-layout-flow\">\n<div style=\"height:80px\" aria-hidden=\"true\" class=\"wp-block-spacer\"><\/div>\n\n\n\n<div class=\"wp-block-image\"><figure class=\"aligncenter size-full is-resized\"><img loading=\"lazy\" decoding=\"async\" src=\"https:\/\/casaafrouruguaya.org\/eventos\/wp-content\/uploads\/2021\/11\/LOGO-CASA-AFRO.png\" alt=\"\" class=\"wp-image-34\" width=\"299\" height=\"105\"\/><\/figure><\/div>\n\n\n\n<h3 class=\"has-text-align-center has-nv-site-bg-color has-text-color wp-block-heading\">Este 3 y 5 de diciembre<\/h3>\n\n\n\n<div class=\"wp-block-image\"><figure class=\"aligncenter size-full\"><img loading=\"lazy\" decoding=\"async\" width=\"563\" height=\"231\" src=\"https:\/\/casaafrouruguaya.org\/eventos\/wp-content\/uploads\/2021\/11\/vuelven-las-lamadas.png\" alt=\"\" class=\"wp-image-30\" srcset=\"https:\/\/casaafrouruguaya.org\/eventos\/wp-content\/uploads\/2021\/11\/vuelven-las-lamadas.png 563w, https:\/\/casaafrouruguaya.org\/eventos\/wp-content\/uploads\/2021\/11\/vuelven-las-lamadas-300x123.png 300w\" sizes=\"auto, (max-width: 563px) 100vw, 563px\" \/><\/figure><\/div>\n\n\n\n<div class=\"wp-block-buttons is-content-justification-center is-layout-flex wp-block-buttons-is-layout-flex\">\n<div class=\"wp-block-button is-style-secondary\"><a class=\"wp-block-button__link\" href=\"#info\">SABER MAS<\/a><\/div>\n\n\n\n<div class=\"wp-block-button is-style-secondary\"><a class=\"wp-block-button__link\" href=\"#comparsas\">COMPARSAS<\/a><\/div>\n\n\n\n<div class=\"wp-block-button is-style-primary\"><a class=\"wp-block-button__link\" href=\"https:\/\/casaafrouruguaya.org\/inicio-mayo2018\/\" target=\"_blank\" rel=\"noreferrer noopener\">ir a la web de la casa<\/a><\/div>\n<\/div>\n\n\n\n<div style=\"height:80px\" aria-hidden=\"true\" class=\"wp-block-spacer\"><\/div>\n\n\n\n<div style=\"height:80px\" aria-hidden=\"true\" class=\"wp-block-spacer\"><\/div>\n<\/div><\/div>\n\n\n\n<div class=\"wp-block-cover alignfull has-nv-dark-bg-background-color has-background-dim\"><div class=\"wp-block-cover__inner-container is-layout-flow wp-block-cover-is-layout-flow\">\n<figure class=\"wp-block-embed is-type-video is-provider-youtube wp-block-embed-youtube wp-embed-aspect-4-3 wp-has-aspect-ratio\"><div class=\"wp-block-embed__wrapper\">\n<div class=\"nv-iframe-embed\"><iframe loading=\"lazy\" title=\"saludoa comparsas\" width=\"1200\" height=\"900\" src=\"https:\/\/www.youtube.com\/embed\/tLwev9GEiuc?feature=oembed\" frameborder=\"0\" allow=\"accelerometer; autoplay; clipboard-write; encrypted-media; gyroscope; picture-in-picture\" allowfullscreen><\/iframe><\/div>\n<\/div><\/figure>\n<\/div><\/div>\n\n\n\n<div style=\"height:80px\" aria-hidden=\"true\" class=\"wp-block-spacer\"><\/div>\n\n\n\n<div class=\"wp-block-columns has-neve-link-color-color has-text-color is-layout-flex wp-container-core-columns-is-layout-9d6595d7 wp-block-columns-is-layout-flex\">\n<div class=\"wp-block-column is-layout-flow wp-block-column-is-layout-flow\">\n<div style=\"height:53px\" aria-hidden=\"true\" class=\"wp-block-spacer\"><\/div>\n\n\n\n<div class=\"wp-block-image icon-style is-style-default\"><figure class=\"aligncenter size-full is-resized\"><img loading=\"lazy\" decoding=\"async\" src=\"https:\/\/casaafrouruguaya.org\/eventos\/wp-content\/uploads\/2021\/11\/DIA-NACIONAL-CANDOMBE.png\" alt=\"\" class=\"wp-image-35\" width=\"410\" height=\"123\"\/><\/figure><\/div>\n\n\n\n<h3 class=\"has-text-align-center has-neve-text-color-color has-text-color wp-block-heading\">3 DE DICIEMBRE<\/h3>\n\n\n\n<p class=\"has-text-align-center\">D\u00eda Nacional del Candombe la cultura Afrouruguaya y la equidad racial<\/p>\n\n\n\n<div style=\"height:20px\" aria-hidden=\"true\" class=\"wp-block-spacer\"><\/div>\n\n\n\n<div class=\"wp-block-buttons is-content-justification-center is-layout-flex wp-block-buttons-is-layout-flex\">\n<div class=\"wp-block-button\"><a class=\"wp-block-button__link\" href=\"#3diciembre\">\u00bfQue se celebra?<\/a><\/div>\n<\/div>\n<\/div>\n\n\n\n<div class=\"wp-block-column has-neve-link-color-color has-text-color is-layout-flow wp-block-column-is-layout-flow\">\n<div style=\"height:53px\" aria-hidden=\"true\" class=\"wp-block-spacer\"><\/div>\n\n\n\n<div class=\"wp-block-image icon-style is-style-default\"><figure class=\"aligncenter size-full is-resized\"><img loading=\"lazy\" decoding=\"async\" src=\"https:\/\/casaafrouruguaya.org\/eventos\/wp-content\/uploads\/2021\/12\/3-12-gris.png\" alt=\"\" class=\"wp-image-89\" width=\"143\" height=\"153\"\/><\/figure><\/div>\n\n\n\n<h3 class=\"has-text-align-center has-neve-text-color-color has-text-color wp-block-heading\">Show de Candombe<\/h3>\n\n\n\n<p class=\"has-text-align-center\">A partir de las 19:30hs. comienza el show de candombe con Candomberos Social Club entre otros artistas.<\/p>\n\n\n\n<div style=\"height:20px\" aria-hidden=\"true\" class=\"wp-block-spacer\"><\/div>\n\n\n\n<div class=\"wp-block-buttons alignwide is-content-justification-center is-layout-flex wp-block-buttons-is-layout-flex\">\n<div class=\"wp-block-button\"><a class=\"wp-block-button__link\" href=\"#showdel3\">Agenda del 3<\/a><\/div>\n<\/div>\n<\/div>\n\n\n\n<div class=\"wp-block-column is-layout-flow wp-block-column-is-layout-flow\">\n<div style=\"height:53px\" aria-hidden=\"true\" class=\"wp-block-spacer\"><\/div>\n\n\n\n<div class=\"wp-block-image icon-style is-style-default\"><figure class=\"aligncenter size-full is-resized\"><img loading=\"lazy\" decoding=\"async\" src=\"https:\/\/casaafrouruguaya.org\/eventos\/wp-content\/uploads\/2021\/12\/5-12-gris.png\" alt=\"\" class=\"wp-image-90\" width=\"143\" height=\"153\"\/><\/figure><\/div>\n\n\n\n<h3 class=\"has-text-align-center has-neve-text-color-color has-text-color wp-block-heading\">Llamadas de Isla de Flores<\/h3>\n\n\n\n<p class=\"has-text-align-center\">Desde <em>Carlos Gardel<\/em> <em>y Zelmar Michelini<\/em> <em>hasta Isla de Flores<\/em> <em>y Minas<\/em><\/p>\n\n\n\n<div style=\"height:20px\" aria-hidden=\"true\" class=\"wp-block-spacer\"><\/div>\n\n\n\n<div class=\"wp-block-buttons is-content-justification-center is-layout-flex wp-block-buttons-is-layout-flex\">\n<div class=\"wp-block-button\"><a class=\"wp-block-button__link\" href=\"#comparsas\">Agenda del 5<\/a><\/div>\n<\/div>\n<\/div>\n<\/div>\n\n\n\n<div style=\"height:80px\" aria-hidden=\"true\" class=\"wp-block-spacer\"><\/div>\n\n\n\n<div class=\"wp-block-cover alignfull has-neve-link-color-background-color has-background-dim has-parallax\" style=\"background-image:url(https:\/\/casaafrouruguaya.org\/eventos\/wp-content\/uploads\/2021\/11\/tambores-casa-afro.jpg);min-height:900px;aspect-ratio:unset;\" id=\"info\"><div class=\"wp-block-cover__inner-container is-layout-flow wp-block-cover-is-layout-flow\">\n<div class=\"wp-block-group\"><div class=\"wp-block-group__inner-container is-layout-flow wp-block-group-is-layout-flow\">\n<div style=\"height:40px\" aria-hidden=\"true\" class=\"wp-block-spacer\"><\/div>\n<\/div><\/div>\n\n\n\n<div class=\"wp-block-columns is-layout-flex wp-container-core-columns-is-layout-9d6595d7 wp-block-columns-is-layout-flex\">\n<div class=\"wp-block-column is-layout-flow wp-block-column-is-layout-flow\">\n<div class=\"wp-block-image\"><figure class=\"aligncenter size-full is-resized\"><img loading=\"lazy\" decoding=\"async\" src=\"https:\/\/casaafrouruguaya.org\/eventos\/wp-content\/uploads\/2021\/12\/3-12.png\" alt=\"\" class=\"wp-image-86\" width=\"209\" height=\"224\"\/><\/figure><\/div>\n<\/div>\n\n\n\n<div class=\"wp-block-column is-layout-flow wp-block-column-is-layout-flow\">\n<div class=\"wp-block-image\"><figure class=\"aligncenter size-full is-resized\"><img loading=\"lazy\" decoding=\"async\" src=\"https:\/\/casaafrouruguaya.org\/eventos\/wp-content\/uploads\/2021\/12\/5-12.png\" alt=\"\" class=\"wp-image-83\" width=\"209\" height=\"224\"\/><\/figure><\/div>\n<\/div>\n<\/div>\n\n\n\n<div class=\"wp-block-image\"><figure class=\"aligncenter size-full\"><img loading=\"lazy\" decoding=\"async\" width=\"563\" height=\"231\" src=\"https:\/\/casaafrouruguaya.org\/eventos\/wp-content\/uploads\/2021\/11\/vuelven-las-lamadas.png\" alt=\"\" class=\"wp-image-30\" srcset=\"https:\/\/casaafrouruguaya.org\/eventos\/wp-content\/uploads\/2021\/11\/vuelven-las-lamadas.png 563w, https:\/\/casaafrouruguaya.org\/eventos\/wp-content\/uploads\/2021\/11\/vuelven-las-lamadas-300x123.png 300w\" sizes=\"auto, (max-width: 563px) 100vw, 563px\" \/><\/figure><\/div>\n\n\n\n<div class=\"wp-block-image\"><figure class=\"aligncenter size-full is-resized\"><img loading=\"lazy\" decoding=\"async\" src=\"https:\/\/casaafrouruguaya.org\/eventos\/wp-content\/uploads\/2021\/11\/DIA-NACIONAL-CANDOMBE.png\" alt=\"\" class=\"wp-image-35\" width=\"286\" height=\"86\"\/><\/figure><\/div>\n\n\n\n<p class=\"has-text-align-center\">3\/12 Espect\u00e1culo de candombe<br>5\/12 Llamadas de Isla de flores<\/p>\n\n\n\n<p class=\"has-text-align-center\">Isla de flores y Minas<br><\/p>\n<\/div><\/div>\n\n\n\n<div class=\"wp-block-cover alignfull has-nv-site-bg-background-color has-background-dim\" style=\"min-height:600px;aspect-ratio:unset;\" id=\"showdel3\"><div class=\"wp-block-cover__inner-container is-layout-flow wp-block-cover-is-layout-flow\">\n<div class=\"wp-block-group\"><div class=\"wp-block-group__inner-container is-layout-flow wp-block-group-is-layout-flow\">\n<div class=\"wp-block-image\"><figure class=\"alignright size-full\"><img loading=\"lazy\" decoding=\"async\" width=\"79\" height=\"97\" src=\"https:\/\/casaafrouruguaya.org\/eventos\/wp-content\/uploads\/2021\/11\/3-12.png\" alt=\"\" class=\"wp-image-36\"\/><\/figure><\/div>\n\n\n\n<div style=\"height:44px\" aria-hidden=\"true\" class=\"wp-block-spacer\"><\/div>\n\n\n\n<div class=\"wp-block-columns are-vertically-aligned-center has-neve-link-color-color has-text-color is-layout-flex wp-container-core-columns-is-layout-9d6595d7 wp-block-columns-is-layout-flex\">\n<div class=\"wp-block-column is-vertically-aligned-center is-layout-flow wp-block-column-is-layout-flow\" style=\"flex-basis:50%\">\n<h2 class=\"has-text-align-right has-neve-text-color-color has-text-color wp-block-heading\">Eventos<\/h2>\n\n\n\n<p class=\"has-text-align-right has-neve-text-color-color has-text-color\" style=\"font-size:17px\"><strong>Las Mamas<\/strong>-Comparsa de mujeres <br><strong>Yenni Rocha <\/strong>&#8211; Show de Baile<br><strong>Candomberos social Club<\/strong><br>L<strong>a Buena nueva <\/strong>&#8211; Grupo de candombe<\/p>\n\n\n\n<div style=\"height:40px\" aria-hidden=\"true\" class=\"wp-block-spacer\"><\/div>\n<\/div>\n\n\n\n<div class=\"wp-block-column is-vertically-aligned-center is-layout-flow wp-block-column-is-layout-flow\" style=\"flex-basis:50%\">\n<figure class=\"wp-block-image size-full is-resized\"><img loading=\"lazy\" decoding=\"async\" src=\"https:\/\/casaafrouruguaya.org\/eventos\/wp-content\/uploads\/2021\/11\/3-DE-DICIEMBRE-DIA-DEL-CANDOMBE2021.jpg\" alt=\"\" class=\"wp-image-45\" width=\"487\" height=\"357\" srcset=\"https:\/\/casaafrouruguaya.org\/eventos\/wp-content\/uploads\/2021\/11\/3-DE-DICIEMBRE-DIA-DEL-CANDOMBE2021.jpg 906w, https:\/\/casaafrouruguaya.org\/eventos\/wp-content\/uploads\/2021\/11\/3-DE-DICIEMBRE-DIA-DEL-CANDOMBE2021-300x221.jpg 300w, https:\/\/casaafrouruguaya.org\/eventos\/wp-content\/uploads\/2021\/11\/3-DE-DICIEMBRE-DIA-DEL-CANDOMBE2021-768x565.jpg 768w\" sizes=\"auto, (max-width: 487px) 100vw, 487px\" \/><\/figure>\n<\/div>\n<\/div>\n\n\n\n<div style=\"height:39px\" aria-hidden=\"true\" class=\"wp-block-spacer\"><\/div>\n\n\n\n<div class=\"wp-block-columns is-layout-flex wp-container-core-columns-is-layout-9d6595d7 wp-block-columns-is-layout-flex\">\n<div class=\"wp-block-column is-layout-flow wp-block-column-is-layout-flow\">\n<h4 class=\"has-text-color wp-block-heading\" style=\"color:#7e7e7e\"><strong>19:30<\/strong><\/h4>\n\n\n\n<h3 class=\"has-neve-link-color-color has-text-color wp-block-heading\"><strong>Las Mamas<\/strong><\/h3>\n\n\n\n<p class=\"has-nv-dark-bg-color has-text-color\">Comparsa de mujeres,  salen a las 19:30 de Isla de Flores y Trueba hasta CCA<\/p>\n\n\n\n<p class=\"has-neve-link-color-color has-text-color\">Isla de Flores y Minas<\/p>\n\n\n\n<h4 class=\"has-text-color wp-block-heading\" style=\"color:#7e7e7e\"><strong>20:00<\/strong><\/h4>\n\n\n\n<h3 class=\"has-neve-link-color-color has-text-color wp-block-heading\"><strong>Yenni Rocha<\/strong><\/h3>\n\n\n\n<p class=\"has-neve-link-color-color has-text-color\">Show de baile de candombe<\/p>\n\n\n\n<p><\/p>\n<\/div>\n\n\n\n<div class=\"wp-block-column is-layout-flow wp-block-column-is-layout-flow\">\n<h4 class=\"has-text-color wp-block-heading\" style=\"color:#7e7e7e\"><strong>20:30<\/strong><\/h4>\n\n\n\n<h3 class=\"has-neve-link-color-color has-text-color wp-block-heading\">Candomberos Social Club:<\/h3>\n\n\n\n<p class=\"has-neve-link-color-color has-text-color\"><strong>Cantantes: <\/strong>Dar\u00edo Piriz, Eduardo Da Luz, Elbio Olivera, Charo Mart\u00ednez, Waldemar(Cacho)Piriz y Chabela Ramirez.<br><strong>Guitarra: <\/strong>Santiago Bolognini<br><strong>Bajo:<\/strong> ChristianLopez<br><strong>Saxo:<\/strong> Leo Mendez<br><strong>Mamavieja:<\/strong> Laura Millar<br><strong>Gramilleros:<\/strong> Luis Zelayeta<br><strong>Tambores:<\/strong> Miguel Laureiro, Adri\u00e1n Arambarry, Pablo Rorra, Maxi Petrone, Miguel Jaques, Diego Silveira.<\/p>\n<\/div>\n\n\n\n<div class=\"wp-block-column is-layout-flow wp-block-column-is-layout-flow\">\n<h4 class=\"has-text-color wp-block-heading\" style=\"color:#7e7e7e\"><strong>22:15<\/strong><\/h4>\n\n\n\n<h3 class=\"has-neve-link-color-color has-text-color wp-block-heading\"><strong>La buena nueva<\/strong><\/h3>\n\n\n\n<p class=\"has-nv-dark-bg-color has-text-color\">Grupo de candombe<\/p>\n\n\n\n<p class=\"has-nv-dark-bg-color has-text-color\">9 integrantes, 3 tambores, tecla, bajo, tromb\u00f3n, saxo y 2 cantantes.<\/p>\n<\/div>\n<\/div>\n<\/div><\/div>\n<\/div><\/div>\n\n\n\n<div class=\"wp-block-cover alignfull has-nv-dark-bg-background-color has-background-dim\" style=\"min-height:600px;aspect-ratio:unset;\"><div class=\"wp-block-cover__inner-container is-layout-flow wp-block-cover-is-layout-flow\">\n<div class=\"wp-block-group\"><div class=\"wp-block-group__inner-container is-layout-flow wp-block-group-is-layout-flow\">\n<div style=\"height:80px\" aria-hidden=\"true\" class=\"wp-block-spacer\"><\/div>\n\n\n\n<div class=\"wp-block-columns alignfull are-vertically-aligned-center is-layout-flex wp-container-core-columns-is-layout-9d6595d7 wp-block-columns-is-layout-flex\">\n<div class=\"wp-block-column is-vertically-aligned-center is-layout-flow wp-block-column-is-layout-flow\" style=\"flex-basis:50%\">\n<div class=\"wp-block-image\"><figure class=\"alignright size-full is-resized\"><img loading=\"lazy\" decoding=\"async\" src=\"https:\/\/casaafrouruguaya.org\/eventos\/wp-content\/uploads\/2021\/11\/5-DE-DICIEMBRE-DIA-DEL-CANDOMBE2021.jpg\" alt=\"\" class=\"wp-image-47\" width=\"392\" height=\"287\" srcset=\"https:\/\/casaafrouruguaya.org\/eventos\/wp-content\/uploads\/2021\/11\/5-DE-DICIEMBRE-DIA-DEL-CANDOMBE2021.jpg 906w, https:\/\/casaafrouruguaya.org\/eventos\/wp-content\/uploads\/2021\/11\/5-DE-DICIEMBRE-DIA-DEL-CANDOMBE2021-300x221.jpg 300w, https:\/\/casaafrouruguaya.org\/eventos\/wp-content\/uploads\/2021\/11\/5-DE-DICIEMBRE-DIA-DEL-CANDOMBE2021-768x565.jpg 768w\" sizes=\"auto, (max-width: 392px) 100vw, 392px\" \/><\/figure><\/div>\n<\/div>\n\n\n\n<div class=\"wp-block-column is-vertically-aligned-center is-layout-flow wp-block-column-is-layout-flow\" style=\"flex-basis:50%\">\n<div style=\"height:40px\" aria-hidden=\"true\" class=\"wp-block-spacer\"><\/div>\n\n\n\n<h2 class=\"has-text-align-left has-nv-text-dark-bg-color has-text-color wp-block-heading\">Llamadas<\/h2>\n\n\n\n<figure class=\"wp-block-image size-full\"><img loading=\"lazy\" decoding=\"async\" width=\"79\" height=\"79\" src=\"https:\/\/casaafrouruguaya.org\/eventos\/wp-content\/uploads\/2021\/12\/5-12-edited.png\" alt=\"\" class=\"wp-image-88\"\/><\/figure>\n\n\n\n<p class=\"has-text-align-left has-nv-text-dark-bg-color has-text-color\" style=\"font-size:17px\">M\u00e1s de 20 comparsas desfilando por la tradicional Isla de Flores, terminando frente a la Casa de la Cultura Afrouruguaya<\/p>\n\n\n\n<div class=\"wp-block-buttons is-content-justification-left is-layout-flex wp-block-buttons-is-layout-flex\">\n<div class=\"wp-block-button is-style-primary\"><a class=\"wp-block-button__link\" href=\"#comparsas\">Lista de comparsas y horarios<\/a><\/div>\n<\/div>\n<\/div>\n<\/div>\n\n\n\n<div style=\"height:40px\" aria-hidden=\"true\" class=\"wp-block-spacer\"><\/div>\n<\/div><\/div>\n<\/div><\/div>\n\n\n\n<div class=\"wp-block-cover alignfull has-nv-site-bg-background-color has-background-dim\" style=\"min-height:600px;aspect-ratio:unset;\" id=\"comparsas\"><div class=\"wp-block-cover__inner-container is-layout-flow wp-block-cover-is-layout-flow\">\n<div class=\"wp-block-group\"><div class=\"wp-block-group__inner-container is-layout-flow wp-block-group-is-layout-flow\">\n<div style=\"height:1px\" aria-hidden=\"true\" class=\"wp-block-spacer\"><\/div>\n\n\n\n<div style=\"height:100px\" aria-hidden=\"true\" class=\"wp-block-spacer\"><\/div>\n\n\n\n<h2 class=\"has-text-align-center has-neve-text-color-color has-text-color wp-block-heading\" id=\"lista\">Listado de comparsas<\/h2>\n\n\n\n<div style=\"height:100px\" aria-hidden=\"true\" class=\"wp-block-spacer\"><\/div>\n\n\n\n<p class=\"has-text-align-left has-neve-link-color-color has-text-color\">1 &#8211; Sur &#8211; <strong>La Picapiedra<\/strong><br>2 &#8211; Centro &#8211;  <strong>M\u00e1s Q Lonja<\/strong> <br>3 &#8211; Norte &#8211;  <strong>Umbel\u00e9<\/strong> <br>4 &#8211; Sur &#8211;<strong>Cencerib\u00f3 <\/strong><br>5 &#8211; Centro &#8211;  <strong>La Que Mueve Ciudad del PLata<\/strong> <br>6 &#8211; Norte &#8211; <strong>Sandupay<\/strong> <br>7 &#8211; Sur &#8211; <strong>La Gozadera<\/strong> <br>8 &#8211; Centro &#8211; <strong> LCV <\/strong><br>9 &#8211; Norte &#8211; <strong>La Melaza <\/strong><br>10 &#8211; Sur &#8211; <strong>Valores de Ansina <\/strong><br>11 &#8211; Centro &#8211; <strong>Candonga<\/strong><br>12 &#8211; Norte &#8211;  <strong>Aguanile<\/strong> <br>13 &#8211; Sur &#8211; <strong>Makondo<\/strong> <br>14 &#8211; Centro &#8211; <strong>Sonidanza<\/strong> <br>15 &#8211; Norte &#8211;  <strong>Barrica<\/strong> <br>16 &#8211; Sur &#8211; <strong>Nueva Escuela<\/strong> <br>17 &#8211; Centro &#8211;  <strong>Alto el Fuego<\/strong> <br>18 &#8211; Norte &#8211; <strong>La Fabini<\/strong> <br>19 &#8211; Sur &#8211; <strong>Unicand\u00f3<\/strong> <br>20 &#8211; Centro &#8211;  <strong>Uganda<\/strong> <br>21 &#8211; Norte &#8211; <strong>Cuareim 1080<\/strong><\/p>\n<\/div><\/div>\n\n\n\n<p><\/p>\n<\/div><\/div>\n\n\n\n<div class=\"wp-block-cover alignfull has-neve-link-color-background-color has-background-dim\" style=\"min-height:420px;aspect-ratio:unset;\"><div class=\"wp-block-cover__inner-container is-layout-flow wp-block-cover-is-layout-flow\">\n<div style=\"height:80px\" aria-hidden=\"true\" class=\"wp-block-spacer\"><\/div>\n\n\n\n<h2 class=\"has-text-align-center wp-block-heading\">ORGANIZA<\/h2>\n\n\n\n<div style=\"height:80px\" aria-hidden=\"true\" class=\"wp-block-spacer\"><\/div>\n\n\n\n<div class=\"wp-block-image\"><figure class=\"aligncenter size-full\"><img loading=\"lazy\" decoding=\"async\" width=\"350\" height=\"124\" src=\"https:\/\/casaafrouruguaya.org\/eventos\/wp-content\/uploads\/2021\/11\/LOGO-CASA-AFRO350.png\" alt=\"\" class=\"wp-image-52\" srcset=\"https:\/\/casaafrouruguaya.org\/eventos\/wp-content\/uploads\/2021\/11\/LOGO-CASA-AFRO350.png 350w, https:\/\/casaafrouruguaya.org\/eventos\/wp-content\/uploads\/2021\/11\/LOGO-CASA-AFRO350-300x106.png 300w\" sizes=\"auto, (max-width: 350px) 100vw, 350px\" \/><\/figure><\/div>\n\n\n\n<div style=\"height:57px\" aria-hidden=\"true\" class=\"wp-block-spacer\"><\/div>\n\n\n\n<p class=\"has-text-align-center has-nv-site-bg-color has-text-color\">ISLA DE FLORES 1645 &#8211; www.casaafrouruguaya.org<\/p>\n\n\n\n<div style=\"height:30px\" aria-hidden=\"true\" class=\"wp-block-spacer\"><\/div>\n<\/div><\/div>\n\n\n\n<div class=\"wp-block-cover alignwide has-nv-text-dark-bg-background-color has-background-dim\" id=\"3diciembre\"><div class=\"wp-block-cover__inner-container is-layout-flow wp-block-cover-is-layout-flow\">\n<div style=\"height:101px\" aria-hidden=\"true\" class=\"wp-block-spacer\"><\/div>\n\n\n\n<h3 class=\"has-nv-dark-bg-color has-text-color wp-block-heading\">\u00bfPOR QU\u00c9 CONMEMORAMOS EL 3 DE DICIEMBRE?<\/h3>\n\n\n\n<p class=\"has-nv-dark-bg-color has-text-color\">Los 3 de diciembre de cada a\u00f1o desde 2006 se celebra y conmemora el D\u00eda Nacional del Candombe, la Cultura Afrouruguaya y la Equidad Racial, as\u00ed declarado por la Ley 18.059.<\/p>\n\n\n\n<p class=\"has-nv-dark-bg-color has-text-color\">Es la fecha de conmemoraci\u00f3n de la resistencia de la comunidad afrouruguaya ante las medidas discriminatorias dispuestas por la dictadura militar, que impuso el desalojo de los edificios de alquiler denominados \u201cconventillos\u201d, habitados mayoritariamente por la poblaci\u00f3n negra afrodescendiente en sus tradicionales barrios Sur y Palermo.<\/p>\n\n\n\n<p class=\"has-nv-dark-bg-color has-text-color\">Hoy tiene el significado de valoraci\u00f3n y reconocimiento a la comunidad afrouruguaya y a su cultura en sus diversas manifestaciones, cuya m\u00e1xima expresi\u00f3n es el Candombe.<\/p>\n\n\n\n<p class=\"has-nv-dark-bg-color has-text-color\">Recordamos la significaci\u00f3n de esos hechos y su simbolismo de reafirmaci\u00f3n de identidad y demostraci\u00f3n del poder de la cultura para impulsarnos a superar adversidades, preconceptos, derribar las fronteras invisibles pero dolorosamente tangibles del racismo y la discriminaci\u00f3n, y de unirnos por encima de nuestras diferencias.<\/p>\n\n\n\n<p class=\"has-neve-link-color-color has-text-color\">El 3 de diciembre de 1978, sonaron por \u00faltima vez los tambores de candombe en el \u201cconventillo Mediomundo\u201d ante su desalojo, al que seguir\u00eda el de otros conventillos como el de \u201cAnsina\u201d, \u00edconos de la cultura negra uruguaya, con el consiguiente traslado de muchos de sus habitantes a la periferia de la ciudad.<\/p>\n\n\n\n<h3 class=\"has-neve-text-color-color has-text-color wp-block-heading\">INSTITUCI\u00d3N ORGANIZADORA<\/h3>\n\n\n\n<p class=\"has-nv-dark-bg-color has-text-color\">La Casa de la Cultura Afrouruguaya es una asociaci\u00f3n civil sin fines de lucro que promueve el conocimiento, la valoraci\u00f3n, la difusi\u00f3n del aporte de los afrodescendientes y su acervo hist\u00f3rico, as\u00ed como la creaci\u00f3n y recreaci\u00f3n de sus diversas manifestaciones art\u00edsticas, culturales y sociales. Contribuye a la afirmaci\u00f3n de la identidad individual y colectiva en la comunidad, e impulsa valores democr\u00e1ticos, la equidad racial y el mejor relacionamiento entre las personas basadas en el respeto a los derechos humanos, la diversidad, la solidaridad el combate al racismo y su erradicaci\u00f3n.<\/p>\n\n\n\n<p class=\"has-nv-dark-bg-color has-text-color\">Ubicada en el 1645 de la calle Isla de Flores, arteria que une los barrios Sur y Palermo tradicionalmente ligados a la historia de la poblaci\u00f3n negra del pa\u00eds, tiene valor patrimonial y reparatorio al contribuir a recuperar la presencia cultural y social de nuestra comunidad en estos barrios, a\u00f1os despu\u00e9s de la demolici\u00f3n y desalojo de los complejos de viviendas que fueron enorme referencia sociocultural de nuestro colectivo.<\/p>\n\n\n\n<p class=\"has-nv-dark-bg-color has-text-color\">En ese marco desarrolla numerosas acciones de car\u00e1cter social y cultural, clases, talleres, grabaciones, exposiciones, presentaciones art\u00edsticas, conferencias, publicaciones, gestiona una biblioteca y archivo documental, y organiza las actividades vinculadas al D\u00eda Nacional del Candombe, la Cultura Afrouruguaya y la Equidad Racial en el que se realiza esta propuesta.<\/p>\n<\/div><\/div>\n\n\n\n<hr class=\"wp-block-separator is-style-wide\"\/>\n\n\n\n<div class=\"wp-block-cover alignwide has-nv-site-bg-background-color has-background-dim\" style=\"min-height:131px;aspect-ratio:unset;\"><div class=\"wp-block-cover__inner-container is-layout-flow wp-block-cover-is-layout-flow\">\n<p><\/p>\n<\/div><\/div>\n","protected":false},"excerpt":{"rendered":"<p>3 DE DICIEMBRE D\u00eda Nacional del Candombe la cultura Afrouruguaya y la equidad racial Show de Candombe A partir de las 19:30hs. comienza el show de candombe con Candomberos Social Club entre otros artistas. Llamadas de Isla de Flores Desde Carlos Gardel y Zelmar Michelini hasta Isla de Flores y Minas<\/p>\n","protected":false},"author":1,"featured_media":0,"parent":0,"menu_order":0,"comment_status":"closed","ping_status":"closed","template":"","meta":{"neve_meta_sidebar":"","neve_meta_container":"","neve_meta_enable_content_width":"on","neve_meta_content_width":78,"neve_meta_title_alignment":"center","neve_meta_author_avatar":"","neve_post_elements_order":"","neve_meta_disable_header":"on","neve_meta_disable_footer":"","neve_meta_disable_title":"on","footnotes":""},"class_list":["post-6","page","type-page","status-publish","hentry"],"_links":{"self":[{"href":"https:\/\/casaafrouruguaya.org\/eventos\/wp-json\/wp\/v2\/pages\/6","targetHints":{"allow":["GET"]}}],"collection":[{"href":"https:\/\/casaafrouruguaya.org\/eventos\/wp-json\/wp\/v2\/pages"}],"about":[{"href":"https:\/\/casaafrouruguaya.org\/eventos\/wp-json\/wp\/v2\/types\/page"}],"author":[{"embeddable":true,"href":"https:\/\/casaafrouruguaya.org\/eventos\/wp-json\/wp\/v2\/users\/1"}],"replies":[{"embeddable":true,"href":"https:\/\/casaafrouruguaya.org\/eventos\/wp-json\/wp\/v2\/comments?post=6"}],"version-history":[{"count":52,"href":"https:\/\/casaafrouruguaya.org\/eventos\/wp-json\/wp\/v2\/pages\/6\/revisions"}],"predecessor-version":[{"id":129,"href":"https:\/\/casaafrouruguaya.org\/eventos\/wp-json\/wp\/v2\/pages\/6\/revisions\/129"}],"wp:attachment":[{"href":"https:\/\/casaafrouruguaya.org\/eventos\/wp-json\/wp\/v2\/media?parent=6"}],"curies":[{"name":"wp","href":"https:\/\/api.w.org\/{rel}","templated":true}]}}